ghest common divisor of t and m?
11
Let d = -97 + 97. Suppose -n = -y + 13, 3*y + d*n = n + 47. Calculate the highest common divisor of y and 119.
17
Let m(c) = 12*c**2 - 2*c + 2. Let j be m(2). Suppose 5*p - 3*p - 46 = 0. What is the greatest common divisor of j and p?
23
Suppose -8*n + 298 = -262. Suppose s + s = n. Suppose -h + 2*h - s = 0. What is the greatest common divisor of h and 5?
5
Suppose -52*f + 12060 = -32*f. Calculate the greatest common divisor of 134 and f.
67
Suppose 5*u = 20, 2*b - u - 192 = 128. Calculate the highest common factor of b and 6.
6
Let i(v) = -v**2 - 94*v + 7. Let o be i(0). What is the greatest common divisor of 84 and o?
7
Let t(v) = 2*v + 70. Let x be t(-24). Suppose n = 12*n - x. Let o(y) = y - 1. Let w be o(7). What is the highest common divisor of w and n?
2
Suppose -502 + 166 = -3*h. Let b = 12 - 5. What is the greatest common divisor of b and h?
7
Suppose -2*c = -5*z + 30, 3*z - 4*c = 8*z. Suppose 89 = 4*y - 5*w, w = -z*y - 3*w + 44. What is the greatest common factor of 112 and y?
16
Let b be (-12 - (-168)/49)/((-1)/7). Calculate the greatest common divisor of 165 and b.
15
Let h be -3 - (5 - (7 - (-5 - 56))). Calculate the highest common divisor of 470 and h.
10
Let n = -168 + 311. Let x = n - 53. Calculate the greatest common divisor of x and 36.
18
Let u = 11 - 2. Suppose 3*v - 9 = u. Let x = -8 - -32. What is the highest common divisor of v and x?
6
Suppose 22 = 3*g - 2. Suppose 0 = g*c + c - 324. What is the highest common factor of 48 and c?
12
Let t be ((-16)/40)/((-1)/(-10)). Let c be 1 + (-2 - (t - 222)). What is the highest common divisor of 45 and c?
45
Let r = -210 - -318. Let q = -66 + 109. Suppose -4*f = b - q, f + f + 2*b = 14. What is the highest common divisor of r and f?
12
Let i(t) = 10*t**2 - 5*t**2 + 4 + 0 + 2*t. Let v be i(-2). What is the highest common divisor of 160 and v?
20
Let q(j) = -j**2 - 12*j + 16. Suppose 2*z + 2*k = -16, -2*k + k + 40 = -3*z. Let c be q(z). Let r = c - -36. Calculate the greatest common divisor of r and 26.
26
Suppose -2*n + 10 = 3*h, -5*h = 2*n + 4 - 26. Let b be ((-44)/8)/((-1)/h). Suppose 17*g - 3*g - 5082 = 0. What is the greatest common factor of g and b?
33
Suppose -4*a + 5*k + 121 = 0, -3*k - 87 + 24 = -2*a. What is the highest common divisor of a and 120?
24
Suppose -3*n = -q - 261, 5*q = -3*n + 53 + 226. Calculate the greatest common factor of 176 and n.
88
Let i be ((-14)/6)/(3/(-45)). Suppose 14*t - 15*t = -5. Calculate the greatest common factor of t and i.
5
Let c(x) = -187*x - 292. Let q be c(-4). What is the highest common factor of q and 24?
24
Suppose 0*h = 4*h - n - 212, h = -5*n + 74. What is the highest common divisor of 27 and h?
27
Let k(a) = -3*a**3 - 4*a**2 - 9*a - 9. Let t be k(-3). Calculate the highest common divisor of 9 and t.
9
Let k be 57/2*4/3. Let m = -4358 - -4453. What is the highest common factor of k and m?
19
Let v = -228 - -231. Suppose -2*o - 4*m - 8 = 0, 0*m = 5*m + 15. Calculate the greatest common factor of o and v.
1
Suppose -2*i + 63 = 3*k + 3*i, -5*k + 68 = -4*i. Let l be 44/k*2*10. What is the highest common factor of l and 5?
5
Let b = 59 + -94. Let u be ((-40)/b)/((-2)/(-7)). Let c be ((-44)/33)/(u/(-6)). What is the greatest common divisor of c and 1?
1
Suppose 0 = -5*d + 3*y + 80, 2*d - 2*y - 36 = -8. Calculate the highest common divisor of 133 and d.
19
Suppose 0 = -4*h - 2*n + 446, -9*n = -4*h - 5*n + 452. What is the greatest common divisor of h and 84?
28
Let w = -103 + 139. Calculate the highest common divisor of 468 and w.
36
Let l be 2/11 + 5174/(-143). Let v = 60 + l. What is the highest common factor of 264 and v?
24
Let i(u) = -u**3 + 11*u**2 - 15*u - 17. Let y be i(8). Suppose y = 4*t - 3*p + 2*p, -5*p + 70 = 3*t. What is the greatest common divisor of 15 and t?
15
Let m(h) be the third derivative of -h**6/120 - h**5/20 - 5*h**4/24 - h**3 - 7*h**2. Let r be m(-7). Calculate the highest common divisor of 25 and r.
25
Let t be ((-60)/5)/(3/(-30)). Calculate the highest common divisor of 300 and t.
60
Let t be ((-5)/(-2))/(3/6). Let q = 9 - t. Let b = q + 32. What is the highest common factor of 24 and b?
12
Let f(r) = r**3 + 14*r**2 + 18*r + 40. Suppose 12 = -5*a + 4*a. Let t be f(a). Calculate the greatest common divisor of t and 14.
14
Let a be -6 - (-3030)/48 - 2/16. Calculate the highest common factor of 38 and a.
19
Let w(g) = -28*g + g**3 + 8*g - 14 + 5*g + 11*g - 6*g**2. Let f be w(7). What is the highest common factor of f and 2?
1
Let o(x) = x**2 - 4*x + 1. Let f be o(5). Calculate the highest common divisor of f and 30.
6
Suppose 0 = -15*l + 1038 + 12. What is the greatest common divisor of l and 63?
7
Let l be ((3 - 0) + -2)*924. Suppose -6*i - i + l = 0. What is the greatest common divisor of 12 and i?
12
Suppose -4*i = -3*h + 105, 3*i - 186 = -5*h + 6*i. What is the highest common factor of h and 9?
3
Let d = -54 - -105. Let y = d + -25. Suppose -6 - 7 = -n. Calculate the highest common divisor of n and y.
13
Let m(l) = -2*l + 28. Let h be m(14). Suppose -5*o - 7*f + 3*f + 74 = 0, h = 4*o + 4*f - 56. Calculate the highest common divisor of o and 45.
9
Let w = -2168 - -2172. Calculate the greatest common factor of 314 and w.
2
Let m(h) = 4*h**3 - 7*h**2 - 2*h + 25. Let n be m(6). Suppose -1165 + 123 = -5*r + 2*l, 3*r - l - n = 0. What is the highest common factor of 16 and r?
16
Let l be 9/(-45) - (-258)/(-10). Let i = -14 - l. Calculate the greatest common factor of 30 and i.
6
Let h = -102 + 117. Let q be ((-6)/h)/((-14)/105). Calculate the greatest common factor of q and 21.
3
Let k = 24 + -23. Suppose -n + k + 0 = 0. Let z = 5 - n. Calculate the highest common divisor of z and 4.
4
Let z(t) = t**2 - 39*t + 40. Let f be z(39). What is the greatest common factor of 24 and f?
8
Let l(x) = x**2 - 6*x + 4. Let m be l(7). What is the greatest common factor of m and 121?
11
Suppose 0 = -k - 4*k + 110. Suppose -3 = -5*x + 7. Let q be 21 - x*2/(-4). Calculate the highest common divisor of k and q.
22
Let p(m) = -m**3 - 7*m**2 - 2*m + 8. Let a be p(-7). Let z = 14 + a. Suppose -z + 10 = -2*d. Calculate the highest common factor of d and 52.
13
Suppose -5*p + 249 = o - 332, 0 = -p + 1. What is the highest common factor of o and 18?
18
Suppose 4*h - 48 = -5*q + 4*q, -2*q = -8. Let g(s) = s**2 + 4*s - 17. Let l be g(-7). Suppose -y - 264 = -l*y. Calculate the greatest common divisor of y and h.
11
Suppose -d + 12 = -0*d. Suppose 0 = -4*l + 3*v - v + 120, -l + d = 4*v. Calculate the greatest common factor of 252 and l.
28
Let f be 2351 + 14/5*120/48. What is the highest common divisor of f and 18?
18
Let y = -456 + 513. Suppose 5*m - 62 = -3*j, -2*j + m + 36 = -m. Calculate the greatest common factor of j and y.
19
Suppose -176 - 16 = -4*t. Suppose y = -4*m + 49 - 6, 55 = 5*m + y. Calculate the greatest common factor of m and t.
12
Let r be ((-190)/8)/((-3)/12). Let w = 88 - 69. Calculate the highest common factor of r and w.
19
Suppose 5*m + 2*z = 18, 4*m + 2*z + 2 = 18. Suppose -15 = -n - m*n. Suppose -4*j - 271 = -5*b, -j = -n + 4. Calculate the highest common divisor of 11 and b.
11
Suppose -4*w - 5*j = -3*j - 4, -2*w - 6 = 5*j. Let a be 0*4/(-24)*w. Suppose a*u - 33 = -3*u. What is the highest common divisor of 11 and u?
11
Let m be (-13239)/(-12) + 0 - 9/(-12). What is the highest common factor of 46 and m?
46
Let l(z) be the second derivative of -4*z**3/3 - 43*z**2/2 + 25*z. Let j be l(-14). Calculate the highest common factor of 23 and j.
23
Let j(k) = k + 202. Let r be j(0). Suppose -r - 14 = -d - 3*x, 2*x = 6. What is the greatest common factor of d and 23?
23
Let h(m) = 34*m**2 - 4*m + 4. Let u be h(2). Suppose -2*z + 4*t = 41 - 113, 5*z - u = -2*t. What is the greatest common factor of 14 and z?
14
Suppose -3*k = u - 4*u - 39, 0 = -3*k - 4*u + 32. Let r be (-13 - -14)/(1/28). Let j be r + 1/(4/k). Calculate the greatest common factor of 217 and j.
31
Let j(l) = -7*l + 13. Let n be j(8). Let x = -41 - n. Calculate the highest common divisor of x and 14.
2
Let f = 419 - 416. Let c = -17 + 20. What is the highest common divisor of c and f?
3
Let n(w) = -w**3 + 4*w**2 + 7*w - 7. Let h be n(5). Let l be h - 22/2*-11. Suppose 4*k = -0*k + l. Calculate the greatest common factor of